pose 5*u - 92 - 8 = 0. Let c = -6376 - -6512. Calculate the remainder when c is divided by u.
16
Let z be (12/10)/(2/115). Suppose -3*a - z = -6*a. Calculate the remainder when a is divided by 6.
5
Suppose -37*m - 149 = -3*d - 32*m, -4*d - 5*m + 257 = 0. What is the remainder when d is divided by 18?
4
Let o(b) = 4*b**2 + 25*b + 99. What is the remainder when 96 is divided by o(-4)?
33
Let b be -4 + 3/((-3)/2). Let a = 94 - 79. Let j = a - b. What is the remainder when j is divided by 6?
3
Let w(v) be the second derivative of v**5/20 + v**2/2 + 8*v. Let a = 4 + -3. Calculate the remainder when w(0) is divided by a.
0
Suppose 2*w - 3*x = 4*w - 24, 0 = -4*w - 5*x + 48. Suppose w = -0*d + 3*d. What is the remainder when 13 is divided by d?
1
Let n be (-4 - (-8)/4) + 139. Suppose n - 465 = -4*z. Suppose -z = -o - 0*o. What is the remainder when o is divided by 17?
14
Let f be -3 + ((-32)/12 + 3)*21. Suppose -f*p = 8, 4*n + n - 287 = p. What is the remainder when n is divided by 6?
3
Suppose -3*a + 30 = 12. Suppose 7 + 5 = 4*o + 3*d, -2*o + 3*d = -a. Suppose o*l - l - 8 = 0. Calculate the remainder when 6 is divided by l.
2
Let y = -98 + 126. Let d = 85 - y. What is the remainder when d is divided by 29?
28
Let s = -25 - -10. Let u be s/(-4) - 2/(-8). Suppose 0 = 3*l - 4*a - 31, -5*l - a + 40 = u*a. What is the remainder when l is divided by 6?
3
Let s(d) = -d**2 - 14*d + 4. Let h be s(-14). Suppose 5*l + h*z - 115 = -z, -3 = -l + 3*z. Calculate the remainder when 161 is divided by l.
17
Suppose 4*i - s = 73, 4*i + 2*s = -3*s + 67. Let z(g) = -g**3 - 3*g**2 + 4*g + 2. Let d be z(-4). Let p = i - d. Calculate the remainder when p is divided by 9.
7
Suppose -3*w - 3 = -3*t, 0 = 4*t - w - w - 12. Suppose 0*f - 180 = -t*f. Calculate the remainder when 107 is divided by f.
35
Let x = -4952 - -4958. Let n(m) = -4*m - 7. Calculate the remainder when n(-7) is divided by x.
3
Let l(x) = -259*x**3 - 3*x**2 - 4*x. Calculate the remainder when l(-1) is divided by 53.
48
Let a(x) = x**3 - 12*x**2 - 2*x - 2. Let g be a(12). Let z be (-13 + 16)/((-3)/8). Let s = z - g. Calculate the remainder when 32 is divided by s.
14
Suppose -6583*d + 6581*d + 6 = 0. Calculate the remainder when 13 is divided by d.
1
Let j(v) = 14*v**2 + 2*v + 10. Calculate the remainder when j(-3) is divided by 15.
10
Suppose i - 15 = 9*d - 8*d, 2*i = -d + 18. Calculate the remainder when 438 is divided by i.
9
Let l = 37 + -22. Let w = -24 + 30. Calculate the remainder when -1*w/(0 - (-3)/(-51)) is divided by l.
12
Suppose -t - 28*y + 48 = -24*y, -5*y - 190 = -5*t. Let x(a) = 5*a**2 - a - 1. Let g be x(-1). Let j = g + 9. Calculate the remainder when t is divided by j.
12
Let t(m) = -2 + 3*m**2 - 9*m + 6*m - 9. What is the remainder when t(5) is divided by 17?
15
Suppose 164 = -6*m + 194. Suppose -m*p + 96 = -o, 5*p + 0*p + 4*o = 91. What is the remainder when 131 is divided by p?
17
Suppose -10*g = 14*g - 1968. Calculate the remainder when g is divided by 3/(4 - 3) - -3.
4
Let k(g) = -g + 16. Let p(l) = -l**2 - 10*l - 1. Calculate the remainder when k(-21) is divided by p(-7).
17
Suppose k = -x + 9, -2*x = 3*k - 9 - 5. Suppose 17*w - x = 16*w. Suppose -2*n + 52 = a + 3, 3*a + 4*n = 149. What is the remainder when a is divided by w?
12
Let g(t) = 3*t**2 + 15*t + 27. Let x(i) = 31*i**2 + i + 1. Let l be x(-2). Let y = -88 + l. What is the remainder when y is divided by g(-3)?
8
Let d be 1 + (-17)/(-4) - (-15)/20. Suppose d*z = -0*z + 936. What is the remainder when z is divided by 20?
16
Let k = 894 + -863. What is the remainder when 49 is divided by k?
18
Let w be 47 - (-1)/(2/(-6)). Let m = w + -35. Let n(b) = -b - 5. Calculate the remainder when m is divided by n(-8).
0
Suppose -b + 3*r + 9 = 2, 3*r = 0. Calculate the remainder when 102 is divided by b.
4
Let q = -354 - -362. Calculate the remainder when 500 is divided by q.
4
Let n(u) = 2*u + 15. Let t be n(4). Suppose -5*v = -47 - t. Calculate the remainder when v is divided by 13.
1
Let h be (5 - 3)/((-2)/(-22)). Suppose 6 = -4*f + h. What is the remainder when 11 is divided by f?
3
Suppose d - 2*d + 4 = 0. Suppose -32 = -i + 8*f - 3*f, d*f = -5*i + 189. What is the remainder when i is divided by 19?
18
Let u(v) = -6*v**2 + 3*v - 1. Let c be u(2). What is the remainder when 12 is divided by 19/c + 0 + 9?
4
Let v(x) be the second derivative of -x**5/20 + 11*x**4/12 + 2*x**3/3 - 12*x**2 + 25*x. What is the remainder when v(11) is divided by 7?
6
Let k(l) = -2*l**3 + 4*l**2 + 4*l - 3. What is the remainder when 7*12*(-27)/(-42) is divided by k(-2)?
12
Let b(d) be the third derivative of -d**4/6 + 11*d**3/3 - 13*d**2. What is the remainder when 239 is divided by b(0)?
19
Let o = 42 - 24. Suppose 2*s - 13 = 7. Calculate the remainder when o is divided by s.
8
Let k(t) = -16*t + 4. Suppose -5*l - 14 = -59. Calculate the remainder when k(-3) is divided by l.
7
Let g be 5/(-5) - 15/(-3). Suppose -g*h + 123 = -1. What is the remainder when 121 is divided by h?
28
Let x = -1 - 41. Let g = x + 59. What is the remainder when 66 is divided by g?
15
Let z = -139 - -90. Let l = -34 - z. What is the remainder when 162 is divided by l?
12
Suppose -10*q + 260 = -370. What is the remainder when 248 is divided by q?
59
Let m be 35*(-5)/((-25)/(-2)). Let x = m - -11. Let p(h) = -h**3 - 2*h**2 + 2*h + 1. Calculate the remainder when 11 is divided by p(x).
3
Let g = -6 - -20. Suppose 0 = -7*b - g + 56. Calculate the remainder when b is divided by 2.
0
Let c(l) = 2*l**2 - 23*l - 303. Calculate the remainder when c(-10) is divided by 13.
10
Let g(f) = 3*f + 79. What is the remainder when 257 is divided by g(-9)?
49
Suppose -6*r + 16 = -32. Calculate the remainder when 110 is divided by 0 + 96/4 + r/2.
26
Let v(m) = -3*m**2 - 7*m + 1. Let b be v(-2). What is the remainder when -267*((-3)/b - 0) is divided by 30?
27
Let g(f) be the third derivative of -f**6/120 + 7*f**5/60 + 5*f**4/24 - f**3 - f**2. What is the remainder when g(7) is divided by 12?
5
Let p(x) = -x - 4. Let y be p(-9). Suppose -4*v - 48 = -4*s, -v + 3*v = -y*s + 46. Calculate the remainder when 59/2 - 1/2 is divided by s.
9
Suppose -12*x + 14*x = -4*k + 3426, 4*k = 3*x + 3411. What is the remainder when k is divided by 66?
63
Suppose 6*g - 7*g + 24 = 0. Suppose 0 = 5*t - 845 - 70. Let q = -114 + t. Calculate the remainder when q is divided by g.
21
What is the remainder when 124 is divided by (12/(-20))/(-1) + 938/70?
12
Let o(x) = 10*x - 29 + 15 + 9*x**2 + 0*x**3 + 4*x**2 + x**3. Suppose 2*l + 90 = 7*l. What is the remainder when l is divided by o(-12)?
8
Suppose -2210*l + 2197*l = -156. Suppose 0 = -3*w - 2*w + 95. Calculate the remainder when w is divided by l.
7
Let q(n) = 14*n - 23. Let t(m) = -1. Let b(v) = q(v) - 5*t(v). Calculate the remainder when b(4) is divided by 13.
12
Let z(u) be the first derivative of -u**2/2 + 4*u - 18. What is the remainder when 189 is divided by z(-20)?
21
Let i = -496 - -537. Calculate the remainder when 449 is divided by i.
39
Let c = -652 + 662. What is the remainder when c is divided by 8?
2
Suppose -v = -2*t - 3*v, 0 = 4*t + 3*v - 1. Let b(l) = 4*l**2 + l. Let a be b(t). What is the remainder when (-5 - a)/(6/(-15)) is divided by 7?
4
Let l = -62 - -66. Suppose 0 = -3*i + l*i - 73. Calculate the remainder when i is divided by 37.
36
Suppose 14 = 2*m + 2*l - 20, -2*l = -3*m + 46. Suppose c + r - 28 = 0, 0 = 2*c - c - 2*r - m. What is the remainder when c is divided by 13?
11
Let j = 151 + -154. Let i(k) = -k**3 + 9*k + 3. Suppose 0 = 2*r - 6*r + 5*p + 67, 2*r = 5*p + 41. Calculate the remainder when r is divided by i(j).
1
Suppose 1615 = 5*g - i - i, 5*g - 1590 = -3*i. Calculate the remainder when g is divided by 17.
15
What is the remainder when 59 is divided by -5*(-1)/10 - 118/(-4)?
29
Calculate the remainder when 86 is divided by 6*1/2*4988/174.
0
Let r(t) = 12*t - 22. Suppose -x + 3*u + 21 = 2*u, -4*u = -2*x + 52. What is the remainder when r(x) is divided by 43?
41
Let r(t) = 6*t + 137. What is the remainder when r(-9) is divided by 8?
3
Suppose 26 = 2*a - 4*p, 5*p + 0*p + 10 = a. Suppose 4*r = 2*d + 16, -5*d + a = 3*r - 2*r. Suppose -r*x + 5 = -10. What is the remainder when 6 is divided by x?
0
Let j(n) = 3*n + 28. Let k be j(-13). Suppose 4*f +